{"id":3453,"date":"2023-11-11T13:54:46","date_gmt":"2023-11-11T13:54:46","guid":{"rendered":"https:\/\/maelectriclb.com\/?post_type=product&#038;p=3453"},"modified":"2023-11-11T14:32:36","modified_gmt":"2023-11-11T14:32:36","slug":"trina-solar-panels-550-w","status":"publish","type":"product","link":"https:\/\/maelectriclb.com\/index.php\/product\/trina-solar-panels-550-w\/","title":{"rendered":"Trina SOLAR PANEL 550 W"},"content":{"rendered":"<p><strong>ELECTRICAL DATA (STC) <\/strong><\/p>\n<p><strong>Peak Power Watts-PMAX (Wp) :<\/strong> 550<\/p>\n<p><strong>Power Tolerance-PMAX (W) :<\/strong> \u00a00 ~ +5<\/p>\n<p><strong>Maximum Power Voltage-VMPP (V) : \u00a0<\/strong>31.8<\/p>\n<p><strong>Maximum Power Current-IMPP (A) :\u00a0 <\/strong>17.29<\/p>\n<p><strong>Open Circuit Voltage-VOC (V) :\u00a0 <\/strong>38.1<\/p>\n<p><strong>Short Circuit Current-ISC (A) : \u00a0<\/strong>18.39<\/p>\n<p><strong>Module E\u2011ciency \u03b7 m (%) : \u00a0<\/strong>21.0<\/p>\n<p>&nbsp;<\/p>\n<p><strong>Electrical characteristics with di\u2011erent power bin (reference to 10% Irradiance ratio) <\/strong><\/p>\n<p><strong>Total Equivalent power -PMAX (Wp) :\u00a0 <\/strong>589<\/p>\n<p><strong>Maximum Power Voltage-VMPP (V) :\u00a0 <\/strong>31.8<\/p>\n<p><strong>Maximum Power Current-IMPP (A) : \u00a0<\/strong>18.50<\/p>\n<p><strong>Open Circuit Voltage-VOC (V) : \u00a0<\/strong>38.1<\/p>\n<p><strong>Short Circuit Current-ISC (A) : \u00a0<\/strong>19.68<\/p>\n<p><strong>rradiance ratio (rear\/front) : \u00a0<\/strong>10%<\/p>\n<p>&nbsp;<\/p>\n<p><strong>ELECTRICAL DATA (NOCT)<\/strong><\/p>\n<p><strong>Maximum Power-PMAX (Wp) : \u00a0<\/strong>416<\/p>\n<p><strong>Maximum Power Voltage-VMPP (V) : \u00a0<\/strong>29.5<\/p>\n<p><strong>Maximum Power Current-IMPP (A) : \u00a0<\/strong>14.10<\/p>\n<p><strong>Open Circuit Voltage-VOC (V) : \u00a0<\/strong>35.9<\/p>\n<p><strong>Short Circuit Current-ISC (A) : \u00a0<\/strong>14.82<\/p>\n<p>&nbsp;<\/p>\n<p><strong>MECHANICAL DATA <\/strong><\/p>\n<p><strong>Solar Cells :<\/strong>\u00a0 \u00a0Monocrystalline<\/p>\n<p><strong>No. of cells :\u00a0 <\/strong>110 cells<\/p>\n<p><strong>Module Dimensions : \u00a0<\/strong>2384\u00d71096\u00d735 mm (93.86\u00d743.15\u00d71.38 inches)<\/p>\n<p><strong>Weight : \u00a0\u00a0<\/strong>32.3 kg (71.2 lb)<\/p>\n<p><strong>Front Glass : \u00a0<\/strong>2.0 mm (0.08 inches), High Transmission, AR Coated Heat Strengthened Glass<\/p>\n<p><strong>Encapsulant material : \u00a0<\/strong>EVA\/POE<\/p>\n<p><strong>Back Glass : \u00a0\u00a0<\/strong>2.0 mm (0.08 inches), Heat Strengthened Glass (White Grid Glass)<\/p>\n<p><strong>Frame : \u00a0\u00a0<\/strong>35mm(1.38 inches) Anodized Aluminium Alloy<\/p>\n<p><strong>J-Box : <\/strong>IP 68 rated<\/p>\n<p><strong>Cables : \u00a0<\/strong>Photovoltaic Technology Cable 4.0mm2 (0.006 inches2), Portrait: 280\/280 mm(11.02\/11.02 inches) Length can be customized<\/p>\n<p><strong>Connector : \u00a0<\/strong>MC4 EVO2 \/ TS4<\/p>\n<p>&nbsp;<\/p>\n<p><strong>TEMPERATURE RATINGS<\/strong><\/p>\n<p><strong>NOCT(Nominal Operating Cell Temperature) : <\/strong>43\u00b0C (\u00b12\u00b0C)<\/p>\n<p><strong>Temperature Coe\u2011cient of PMAX : \u00a0<\/strong>&#8211; 0.34%\/\u00b0C<\/p>\n<p><strong>Temperature Coe\u2011cient of VOC :\u00a0 <\/strong>&#8211; 0.25%\/\u00b0C<\/p>\n<p><strong>Temperature Coe\u2011cient of ISC : \u00a0<\/strong>0.04%\/\u00b0C<\/p>\n<p>&nbsp;<\/p>\n<p><strong>MAXIMUMRATINGS<\/strong><\/p>\n<p><strong>Operational Temperature \u00a0:<\/strong> \u00a0-40~+85\u00baC<\/p>\n<p><strong>Maximum System Voltage :\u00a0 <\/strong>1500V DC (IEC)<\/p>\n<p>1500V DC (UL)<\/p>\n<p><strong>Max Series Fuse Rating : \u00a0\u00a0<\/strong>35A<\/p>\n<p><strong>\u00a0<\/strong><\/p>\n<p><strong>WARRANTY<\/strong><\/p>\n<p>12 year Product Workmanship Warranty<\/p>\n<p>30 year Power Warranty<\/p>\n<p>0.45% Annual Power Attenuation<\/p>\n<p>2% \u00adFIrst year degradation<\/p>\n","protected":false},"excerpt":{"rendered":"<p><strong>Total Equivalent power -PMAX (Wp) :\u00a0 <\/strong>589<\/p>\n<p><strong>Maximum Power Voltage-VMPP (V) :\u00a0 <\/strong>31.8<\/p>\n<p><strong>Maximum Power Current-IMPP (A) : \u00a0<\/strong>18.50<\/p>\n<p><strong>Open Circuit Voltage-VOC (V) : \u00a0<\/strong>38.1<\/p>\n<p><strong>Short Circuit Current-ISC (A) : \u00a0<\/strong>19.68<\/p>\n<p><strong>rradiance ratio (rear\/front) : \u00a0<\/strong>10%<\/p>\n<p>&nbsp;<\/p>\n<p><strong>ELECTRICAL DATA (NOCT)<\/strong><\/p>\n<p><strong>Maximum Power-PMAX (Wp) : \u00a0<\/strong>416<\/p>\n<p><strong>Maximum Power Voltage-VMPP (V) : \u00a0<\/strong>29.5<\/p>\n<p><strong>Maximum Power Current-IMPP (A) : \u00a0<\/strong>14.10<\/p>\n<p><strong>Open Circuit Voltage-VOC (V) : \u00a0<\/strong>35.9<\/p>\n<p><strong>Short Circuit Current-ISC (A) : \u00a0<\/strong>14.82<\/p>\n","protected":false},"featured_media":3455,"comment_status":"open","ping_status":"closed","template":"","meta":{"_monsterinsights_skip_tracking":false,"_monsterinsights_sitenote_active":false,"_monsterinsights_sitenote_note":"","_monsterinsights_sitenote_category":0},"product_cat":[186],"product_tag":[],"aioseo_notices":[],"_links":{"self":[{"href":"https:\/\/maelectriclb.com\/index.php\/wp-json\/wp\/v2\/product\/3453"}],"collection":[{"href":"https:\/\/maelectriclb.com\/index.php\/wp-json\/wp\/v2\/product"}],"about":[{"href":"https:\/\/maelectriclb.com\/index.php\/wp-json\/wp\/v2\/types\/product"}],"replies":[{"embeddable":true,"href":"https:\/\/maelectriclb.com\/index.php\/wp-json\/wp\/v2\/comments?post=3453"}],"version-history":[{"count":2,"href":"https:\/\/maelectriclb.com\/index.php\/wp-json\/wp\/v2\/product\/3453\/revisions"}],"predecessor-version":[{"id":3471,"href":"https:\/\/maelectriclb.com\/index.php\/wp-json\/wp\/v2\/product\/3453\/revisions\/3471"}],"wp:featuredmedia":[{"embeddable":true,"href":"https:\/\/maelectriclb.com\/index.php\/wp-json\/wp\/v2\/media\/3455"}],"wp:attachment":[{"href":"https:\/\/maelectriclb.com\/index.php\/wp-json\/wp\/v2\/media?parent=3453"}],"wp:term":[{"taxonomy":"product_cat","embeddable":true,"href":"https:\/\/maelectriclb.com\/index.php\/wp-json\/wp\/v2\/product_cat?post=3453"},{"taxonomy":"product_tag","embeddable":true,"href":"https:\/\/maelectriclb.com\/index.php\/wp-json\/wp\/v2\/product_tag?post=3453"}],"curies":[{"name":"wp","href":"https:\/\/api.w.org\/{rel}","templated":true}]}}